{"id":9,"date":"2019-07-26T14:15:06","date_gmt":"2019-07-26T12:15:06","guid":{"rendered":"http:\/\/bon-comme.eu\/?page_id=9"},"modified":"2024-05-27T12:53:55","modified_gmt":"2024-05-27T10:53:55","slug":"a-propos-de","status":"publish","type":"page","link":"https:\/\/bon-comme.eu\/?page_id=9","title":{"rendered":"Qui sommes-nous?"},"content":{"rendered":"<p>Apr\u00e8s vingt ans d\u2019existence comme boulangerie artisanale, Bon.comme fait peau neuve en tant que biscuiterie, toujours selon le m\u00eame credo d\u2019utiliser des ingr\u00e9dients de qualit\u00e9 et si possible provenant de l\u2019agriculture belge.<\/p><p>Le premier objectif est de pouvoir proposer des produits moins sucr\u00e9s et m\u00eame plus rassasiants en alternative \u00e0 l\u2019industriel bourr\u00e9 d\u2019additifs, de conservateurs, d\u2019ar\u00f4mes artificiels, etc.<\/p><p>Nous cherchons aussi \u00e0 faire d\u00e9couvrir de nouvelles associations de saveurs (parfois en allant piocher l\u2019inspiration dans la cuisine \u00e9trang\u00e8re\u2026) pour changer du classique Petit Beurre qui peut devenir lassant&#8230; <\/p><p><\/p><p><\/p><p>  <\/p>","protected":false},"excerpt":{"rendered":"<p>Apr\u00e8s vingt ans d\u2019existence comme boulangerie artisanale, Bon.comme fait peau neuve en tant que biscuiterie, toujours selon le m\u00eame credo d\u2019utiliser des ingr\u00e9dients de qualit\u00e9 et si possible provenant de l\u2019agriculture belge. Le premier objectif est de pouvoir proposer des produits moins sucr\u00e9s et m\u00eame plus rassasiants en alternative \u00e0 l\u2019industriel bourr\u00e9 d\u2019additifs, de conservateurs, &hellip; <\/p>\n<p class=\"link-more\"><a href=\"https:\/\/bon-comme.eu\/?page_id=9\" class=\"more-link\">Continuer la lecture<span class=\"screen-reader-text\"> de &laquo;&nbsp;Qui sommes-nous?&nbsp;&raquo;<\/span><\/a><\/p>\n","protected":false},"author":1,"featured_media":184,"parent":0,"menu_order":0,"comment_status":"closed","ping_status":"closed","template":"","meta":{"footnotes":""},"class_list":["post-9","page","type-page","status-publish","has-post-thumbnail","hentry"],"yoast_head":"<!-- This site is optimized with the Yoast SEO plugin v23.9 - https:\/\/yoast.com\/wordpress\/plugins\/seo\/ -->\n<title>Qui sommes-nous? - Bon.comme<\/title>\n<meta name=\"robots\" content=\"index, follow, max-snippet:-1, max-image-preview:large, max-video-preview:-1\" \/>\n<link rel=\"canonical\" href=\"https:\/\/bon-comme.eu\/?page_id=9\" \/>\n<meta property=\"og:locale\" content=\"fr_FR\" \/>\n<meta property=\"og:type\" content=\"article\" \/>\n<meta property=\"og:title\" content=\"Qui sommes-nous? - Bon.comme\" \/>\n<meta property=\"og:description\" content=\"Apr\u00e8s vingt ans d\u2019existence comme boulangerie artisanale, Bon.comme fait peau neuve en tant que biscuiterie, toujours selon le m\u00eame credo d\u2019utiliser des ingr\u00e9dients de qualit\u00e9 et si possible provenant de l\u2019agriculture belge. Le premier objectif est de pouvoir proposer des produits moins sucr\u00e9s et m\u00eame plus rassasiants en alternative \u00e0 l\u2019industriel bourr\u00e9 d\u2019additifs, de conservateurs, &hellip; Continuer la lecture de &laquo;&nbsp;Qui sommes-nous?&nbsp;&raquo;\" \/>\n<meta property=\"og:url\" content=\"https:\/\/bon-comme.eu\/?page_id=9\" \/>\n<meta property=\"og:site_name\" content=\"Bon.comme\" \/>\n<meta property=\"article:modified_time\" content=\"2024-05-27T10:53:55+00:00\" \/>\n<meta property=\"og:image\" content=\"https:\/\/bon-comme.eu\/wp-content\/uploads\/2024\/05\/406273674_329344509855423_7951928124132127293_n-e1716807226367.jpg\" \/>\n\t<meta property=\"og:image:width\" content=\"600\" \/>\n\t<meta property=\"og:image:height\" content=\"774\" \/>\n\t<meta property=\"og:image:type\" content=\"image\/jpeg\" \/>\n<meta name=\"twitter:card\" content=\"summary_large_image\" \/>\n<meta name=\"twitter:label1\" content=\"Dur\u00e9e de lecture estim\u00e9e\" \/>\n\t<meta name=\"twitter:data1\" content=\"1 minute\" \/>\n<script type=\"application\/ld+json\" class=\"yoast-schema-graph\">{\"@context\":\"https:\/\/schema.org\",\"@graph\":[{\"@type\":\"WebPage\",\"@id\":\"https:\/\/bon-comme.eu\/?page_id=9\",\"url\":\"https:\/\/bon-comme.eu\/?page_id=9\",\"name\":\"Qui sommes-nous? - Bon.comme\",\"isPartOf\":{\"@id\":\"https:\/\/bon-comme.eu\/#website\"},\"primaryImageOfPage\":{\"@id\":\"https:\/\/bon-comme.eu\/?page_id=9#primaryimage\"},\"image\":{\"@id\":\"https:\/\/bon-comme.eu\/?page_id=9#primaryimage\"},\"thumbnailUrl\":\"https:\/\/bon-comme.eu\/wp-content\/uploads\/2024\/05\/406273674_329344509855423_7951928124132127293_n-e1716807226367.jpg\",\"datePublished\":\"2019-07-26T12:15:06+00:00\",\"dateModified\":\"2024-05-27T10:53:55+00:00\",\"breadcrumb\":{\"@id\":\"https:\/\/bon-comme.eu\/?page_id=9#breadcrumb\"},\"inLanguage\":\"fr-FR\",\"potentialAction\":[{\"@type\":\"ReadAction\",\"target\":[\"https:\/\/bon-comme.eu\/?page_id=9\"]}]},{\"@type\":\"ImageObject\",\"inLanguage\":\"fr-FR\",\"@id\":\"https:\/\/bon-comme.eu\/?page_id=9#primaryimage\",\"url\":\"https:\/\/bon-comme.eu\/wp-content\/uploads\/2024\/05\/406273674_329344509855423_7951928124132127293_n-e1716807226367.jpg\",\"contentUrl\":\"https:\/\/bon-comme.eu\/wp-content\/uploads\/2024\/05\/406273674_329344509855423_7951928124132127293_n-e1716807226367.jpg\",\"width\":600,\"height\":774},{\"@type\":\"BreadcrumbList\",\"@id\":\"https:\/\/bon-comme.eu\/?page_id=9#breadcrumb\",\"itemListElement\":[{\"@type\":\"ListItem\",\"position\":1,\"name\":\"Accueil\",\"item\":\"https:\/\/bon-comme.eu\/\"},{\"@type\":\"ListItem\",\"position\":2,\"name\":\"Qui sommes-nous?\"}]},{\"@type\":\"WebSite\",\"@id\":\"https:\/\/bon-comme.eu\/#website\",\"url\":\"https:\/\/bon-comme.eu\/\",\"name\":\"Bon.comme\",\"description\":\"Biscuiterie de tradition\",\"publisher\":{\"@id\":\"https:\/\/bon-comme.eu\/#organization\"},\"potentialAction\":[{\"@type\":\"SearchAction\",\"target\":{\"@type\":\"EntryPoint\",\"urlTemplate\":\"https:\/\/bon-comme.eu\/?s={search_term_string}\"},\"query-input\":{\"@type\":\"PropertyValueSpecification\",\"valueRequired\":true,\"valueName\":\"search_term_string\"}}],\"inLanguage\":\"fr-FR\"},{\"@type\":\"Organization\",\"@id\":\"https:\/\/bon-comme.eu\/#organization\",\"name\":\"Bon.comme\",\"url\":\"https:\/\/bon-comme.eu\/\",\"logo\":{\"@type\":\"ImageObject\",\"inLanguage\":\"fr-FR\",\"@id\":\"https:\/\/bon-comme.eu\/#\/schema\/logo\/image\/\",\"url\":\"https:\/\/bon-comme.eu\/wp-content\/uploads\/2023\/12\/cropped-Etiquette-Biscuiterie.jpg\",\"contentUrl\":\"https:\/\/bon-comme.eu\/wp-content\/uploads\/2023\/12\/cropped-Etiquette-Biscuiterie.jpg\",\"width\":250,\"height\":250,\"caption\":\"Bon.comme\"},\"image\":{\"@id\":\"https:\/\/bon-comme.eu\/#\/schema\/logo\/image\/\"}}]}<\/script>\n<!-- \/ Yoast SEO plugin. -->","yoast_head_json":{"title":"Qui sommes-nous? - Bon.comme","robots":{"index":"index","follow":"follow","max-snippet":"max-snippet:-1","max-image-preview":"max-image-preview:large","max-video-preview":"max-video-preview:-1"},"canonical":"https:\/\/bon-comme.eu\/?page_id=9","og_locale":"fr_FR","og_type":"article","og_title":"Qui sommes-nous? - Bon.comme","og_description":"Apr\u00e8s vingt ans d\u2019existence comme boulangerie artisanale, Bon.comme fait peau neuve en tant que biscuiterie, toujours selon le m\u00eame credo d\u2019utiliser des ingr\u00e9dients de qualit\u00e9 et si possible provenant de l\u2019agriculture belge. Le premier objectif est de pouvoir proposer des produits moins sucr\u00e9s et m\u00eame plus rassasiants en alternative \u00e0 l\u2019industriel bourr\u00e9 d\u2019additifs, de conservateurs, &hellip; Continuer la lecture de &laquo;&nbsp;Qui sommes-nous?&nbsp;&raquo;","og_url":"https:\/\/bon-comme.eu\/?page_id=9","og_site_name":"Bon.comme","article_modified_time":"2024-05-27T10:53:55+00:00","og_image":[{"width":600,"height":774,"url":"https:\/\/bon-comme.eu\/wp-content\/uploads\/2024\/05\/406273674_329344509855423_7951928124132127293_n-e1716807226367.jpg","type":"image\/jpeg"}],"twitter_card":"summary_large_image","twitter_misc":{"Dur\u00e9e de lecture estim\u00e9e":"1 minute"},"schema":{"@context":"https:\/\/schema.org","@graph":[{"@type":"WebPage","@id":"https:\/\/bon-comme.eu\/?page_id=9","url":"https:\/\/bon-comme.eu\/?page_id=9","name":"Qui sommes-nous? - Bon.comme","isPartOf":{"@id":"https:\/\/bon-comme.eu\/#website"},"primaryImageOfPage":{"@id":"https:\/\/bon-comme.eu\/?page_id=9#primaryimage"},"image":{"@id":"https:\/\/bon-comme.eu\/?page_id=9#primaryimage"},"thumbnailUrl":"https:\/\/bon-comme.eu\/wp-content\/uploads\/2024\/05\/406273674_329344509855423_7951928124132127293_n-e1716807226367.jpg","datePublished":"2019-07-26T12:15:06+00:00","dateModified":"2024-05-27T10:53:55+00:00","breadcrumb":{"@id":"https:\/\/bon-comme.eu\/?page_id=9#breadcrumb"},"inLanguage":"fr-FR","potentialAction":[{"@type":"ReadAction","target":["https:\/\/bon-comme.eu\/?page_id=9"]}]},{"@type":"ImageObject","inLanguage":"fr-FR","@id":"https:\/\/bon-comme.eu\/?page_id=9#primaryimage","url":"https:\/\/bon-comme.eu\/wp-content\/uploads\/2024\/05\/406273674_329344509855423_7951928124132127293_n-e1716807226367.jpg","contentUrl":"https:\/\/bon-comme.eu\/wp-content\/uploads\/2024\/05\/406273674_329344509855423_7951928124132127293_n-e1716807226367.jpg","width":600,"height":774},{"@type":"BreadcrumbList","@id":"https:\/\/bon-comme.eu\/?page_id=9#breadcrumb","itemListElement":[{"@type":"ListItem","position":1,"name":"Accueil","item":"https:\/\/bon-comme.eu\/"},{"@type":"ListItem","position":2,"name":"Qui sommes-nous?"}]},{"@type":"WebSite","@id":"https:\/\/bon-comme.eu\/#website","url":"https:\/\/bon-comme.eu\/","name":"Bon.comme","description":"Biscuiterie de tradition","publisher":{"@id":"https:\/\/bon-comme.eu\/#organization"},"potentialAction":[{"@type":"SearchAction","target":{"@type":"EntryPoint","urlTemplate":"https:\/\/bon-comme.eu\/?s={search_term_string}"},"query-input":{"@type":"PropertyValueSpecification","valueRequired":true,"valueName":"search_term_string"}}],"inLanguage":"fr-FR"},{"@type":"Organization","@id":"https:\/\/bon-comme.eu\/#organization","name":"Bon.comme","url":"https:\/\/bon-comme.eu\/","logo":{"@type":"ImageObject","inLanguage":"fr-FR","@id":"https:\/\/bon-comme.eu\/#\/schema\/logo\/image\/","url":"https:\/\/bon-comme.eu\/wp-content\/uploads\/2023\/12\/cropped-Etiquette-Biscuiterie.jpg","contentUrl":"https:\/\/bon-comme.eu\/wp-content\/uploads\/2023\/12\/cropped-Etiquette-Biscuiterie.jpg","width":250,"height":250,"caption":"Bon.comme"},"image":{"@id":"https:\/\/bon-comme.eu\/#\/schema\/logo\/image\/"}}]}},"_links":{"self":[{"href":"https:\/\/bon-comme.eu\/index.php?rest_route=\/wp\/v2\/pages\/9","targetHints":{"allow":["GET"]}}],"collection":[{"href":"https:\/\/bon-comme.eu\/index.php?rest_route=\/wp\/v2\/pages"}],"about":[{"href":"https:\/\/bon-comme.eu\/index.php?rest_route=\/wp\/v2\/types\/page"}],"author":[{"embeddable":true,"href":"https:\/\/bon-comme.eu\/index.php?rest_route=\/wp\/v2\/users\/1"}],"replies":[{"embeddable":true,"href":"https:\/\/bon-comme.eu\/index.php?rest_route=%2Fwp%2Fv2%2Fcomments&post=9"}],"version-history":[{"count":6,"href":"https:\/\/bon-comme.eu\/index.php?rest_route=\/wp\/v2\/pages\/9\/revisions"}],"predecessor-version":[{"id":186,"href":"https:\/\/bon-comme.eu\/index.php?rest_route=\/wp\/v2\/pages\/9\/revisions\/186"}],"wp:featuredmedia":[{"embeddable":true,"href":"https:\/\/bon-comme.eu\/index.php?rest_route=\/wp\/v2\/media\/184"}],"wp:attachment":[{"href":"https:\/\/bon-comme.eu\/index.php?rest_route=%2Fwp%2Fv2%2Fmedia&parent=9"}],"curies":[{"name":"wp","href":"https:\/\/api.w.org\/{rel}","templated":true}]}}