{"id":64,"date":"2019-07-26T14:38:34","date_gmt":"2019-07-26T12:38:34","guid":{"rendered":"http:\/\/bon-comme.eu\/?page_id=64"},"modified":"2025-07-15T14:22:21","modified_gmt":"2025-07-15T12:22:21","slug":"nos-produits","status":"publish","type":"page","link":"https:\/\/bon-comme.eu\/?page_id=64","title":{"rendered":"Nos produits"},"content":{"rendered":"<p><strong>C\u00f4t\u00e9 sucr\u00e9:<\/strong><\/p><p>\u2022 Amarettis fleur d\u2019oranger et miel &#8211;<em> La douceur de l&rsquo;amande avec la touche printani\u00e8re de la fleur d&rsquo;oranger, sans lactose<\/em><\/p><p>\u2022 Cookies au chocolat noir &#8211; <em>Avec du chocolat belge bien <\/em>\u00e9videmment!<\/p><p>\u2022 Cookies au chocolat blanc, framboises et noix du Br\u00e9sil &#8211; <em>Une gourmandise qui donne envie de plus<\/em>!<\/p><p>\u2022 Peanut butter cookies &#8211; <em>Petits sabl\u00e9s savoureux avec un go\u00fbt d&rsquo;ailleurs<\/em><\/p><p>\u2022 Crinkles cookies citron vert-noix de coco &#8211; <em>Un petit biscuit craquel\u00e9 avec le moelleux de la noix de coco et le petit kick<\/em> <em>incomparable du citron vert<\/em><\/p><p>\u2022 Biscuits granola aux airelles et amandes grill\u00e9es &#8211; <em>Des biscuits parfaits pour les press\u00e9s du matin ou encore, pour reprendre des forces apr\u00e8s le sport<\/em><\/p><p>\u2022 Galettes bretonnes &#8211; <em>Un grand classique de nos voisins fran\u00e7ais, fort appr\u00e9ci\u00e9 par chez nous<\/em><\/p><p>\u2022 Linzers \u00e0 la framboise &#8211; <em>La douceur d&rsquo;un sabl\u00e9 vanille avec une couche de confiture acidul\u00e9e \u00e0 la framboise<\/em><\/p><p>\u2022 Massepain cuit &#8211; <em>Sp\u00e9cialit\u00e9 de Verviers, disponible en atelier aux alentours des f\u00eates de fin d&rsquo;ann\u00e9e! <\/em><\/p><p>\u2022 Sabl\u00e9s \u00e0 l\u2019\u00e9corce d\u2019orange confite et au pavot &#8211; <em>Un petit go\u00fbt anglo-saxon avec de d\u00e9licieux morceaux d&rsquo;\u00e9corces d&rsquo;orange confites<\/em><\/p><p>\u2022 Sabl\u00e9s \u00ab&nbsp;thumbprint&nbsp;\u00bb \u00e0 l\u2019abricot &#8211; <em>Sabl\u00e9 aux amandes avec un centre aux abricots, excellent avec le caf\u00e9!<\/em><\/p><p>\u2022 Sp\u00e9culoos<em> &#8211; On ne le pr\u00e9sente plus chez nous, r\u00e9alis\u00e9 dans la plus pure tradition belge. De grands Saint-Nicolas sont \u00e9galement disponibles en atelier d\u00e8s D\u00e9cembre!<\/em><\/p><p><\/p><p><strong>C\u00f4t\u00e9 sal\u00e9:<\/strong><\/p><p>\u2022 Biscuits aux poivrons et \u00e0 la feta &#8211; <em>Un petit go\u00fbt de M\u00e9diterran\u00e9e&#8230;  <\/em><\/p><p>\u2022 Biscuits aux dr\u00eaches de la Brasserie de l&rsquo;Orne aux figues et noix de Grenoble &#8211; <em>Excellent pour accompagner les plateaux de fromages ou  le foie gras<\/em><\/p><p>\u2022 Biscuits aux dr\u00eaches de la Brasserie de l&rsquo;Orne au paprika fum\u00e9 et Gruy\u00e8re &#8211; <em>Bien meilleurs que les chips avec le petit go\u00fbt de noisettes des dr\u00eaches&#8230; Pourquoi pas avec une petite bi\u00e8re?<\/em><\/p><p>\u2022 Crackers aux \u00e9pinards et parmesan<em> &#8211; Ou comment faire manger des l\u00e9gumes verts aux enfants&#8230;<\/em><\/p><p>\u2022 Crackers \u00e0 la patate douce &#8211; <em>La pointe sucr\u00e9e de la patate douce avec des \u00e9pices orientales, ils sont excellents accompagn\u00e9s d&rsquo;une petite sauce au yaourt et aux herbes aromatiques!<\/em><\/p><p>\u2022 Sabl\u00e9s au ch\u00e8vre et au miel &#8211; <em>Parce que Dame Biquette rend les sabl\u00e9s tellement plus gourmands!<\/em><\/p><p>\u2022 Sabl\u00e9s au roquefort et aux noix &#8211; <em>C&rsquo;est un classique mais qui reste malgr\u00e9 tout plus qu&rsquo;agr\u00e9able \u00e0 grignoter \u00e0 l&rsquo;ap\u00e9ritif&#8230; <\/em><\/p><p>\u2022 Shortbreads \u00e0 l&rsquo;oignon et \u00e0 la sauge &#8211; <em>Une pointe de sauge, des oignons caram\u00e9lis\u00e9s&#8230; Cela donne envie de faire un petit barbecue&#8230;<\/em><\/p><p><\/p>","protected":false},"excerpt":{"rendered":"<p>C\u00f4t\u00e9 sucr\u00e9: \u2022 Amarettis fleur d\u2019oranger et miel &#8211; La douceur de l&rsquo;amande avec la touche printani\u00e8re de la fleur d&rsquo;oranger, sans lactose \u2022 Cookies au chocolat noir &#8211; Avec du chocolat belge bien \u00e9videmment! \u2022 Cookies au chocolat blanc, framboises et noix du Br\u00e9sil &#8211; Une gourmandise qui donne envie de plus! \u2022 Peanut &hellip; <\/p>\n<p class=\"link-more\"><a href=\"https:\/\/bon-comme.eu\/?page_id=64\" class=\"more-link\">Continuer la lecture<span class=\"screen-reader-text\"> de &laquo;&nbsp;Nos produits&nbsp;&raquo;<\/span><\/a><\/p>\n","protected":false},"author":1,"featured_media":148,"parent":0,"menu_order":0,"comment_status":"closed","ping_status":"closed","template":"","meta":{"footnotes":""},"class_list":["post-64","page","type-page","status-publish","has-post-thumbnail","hentry"],"yoast_head":"<!-- This site is optimized with the Yoast SEO plugin v23.9 - https:\/\/yoast.com\/wordpress\/plugins\/seo\/ -->\n<title>Nos produits - Bon.comme<\/title>\n<meta name=\"robots\" content=\"index, follow, max-snippet:-1, max-image-preview:large, max-video-preview:-1\" \/>\n<link rel=\"canonical\" href=\"https:\/\/bon-comme.eu\/?page_id=64\" \/>\n<meta property=\"og:locale\" content=\"fr_FR\" \/>\n<meta property=\"og:type\" content=\"article\" \/>\n<meta property=\"og:title\" content=\"Nos produits - Bon.comme\" \/>\n<meta property=\"og:description\" content=\"C\u00f4t\u00e9 sucr\u00e9: \u2022 Amarettis fleur d\u2019oranger et miel &#8211; La douceur de l&rsquo;amande avec la touche printani\u00e8re de la fleur d&rsquo;oranger, sans lactose \u2022 Cookies au chocolat noir &#8211; Avec du chocolat belge bien \u00e9videmment! \u2022 Cookies au chocolat blanc, framboises et noix du Br\u00e9sil &#8211; Une gourmandise qui donne envie de plus! \u2022 Peanut &hellip; Continuer la lecture de &laquo;&nbsp;Nos produits&nbsp;&raquo;\" \/>\n<meta property=\"og:url\" content=\"https:\/\/bon-comme.eu\/?page_id=64\" \/>\n<meta property=\"og:site_name\" content=\"Bon.comme\" \/>\n<meta property=\"article:modified_time\" content=\"2025-07-15T12:22:21+00:00\" \/>\n<meta property=\"og:image\" content=\"https:\/\/bon-comme.eu\/wp-content\/uploads\/2023\/12\/Produits-site.jpg\" \/>\n\t<meta property=\"og:image:width\" content=\"567\" \/>\n\t<meta property=\"og:image:height\" content=\"206\" \/>\n\t<meta property=\"og:image:type\" content=\"image\/jpeg\" \/>\n<meta name=\"twitter:card\" content=\"summary_large_image\" \/>\n<meta name=\"twitter:label1\" content=\"Dur\u00e9e de lecture estim\u00e9e\" \/>\n\t<meta name=\"twitter:data1\" content=\"3 minutes\" \/>\n<script type=\"application\/ld+json\" class=\"yoast-schema-graph\">{\"@context\":\"https:\/\/schema.org\",\"@graph\":[{\"@type\":\"WebPage\",\"@id\":\"https:\/\/bon-comme.eu\/?page_id=64\",\"url\":\"https:\/\/bon-comme.eu\/?page_id=64\",\"name\":\"Nos produits - Bon.comme\",\"isPartOf\":{\"@id\":\"https:\/\/bon-comme.eu\/#website\"},\"primaryImageOfPage\":{\"@id\":\"https:\/\/bon-comme.eu\/?page_id=64#primaryimage\"},\"image\":{\"@id\":\"https:\/\/bon-comme.eu\/?page_id=64#primaryimage\"},\"thumbnailUrl\":\"https:\/\/bon-comme.eu\/wp-content\/uploads\/2023\/12\/Produits-site.jpg\",\"datePublished\":\"2019-07-26T12:38:34+00:00\",\"dateModified\":\"2025-07-15T12:22:21+00:00\",\"breadcrumb\":{\"@id\":\"https:\/\/bon-comme.eu\/?page_id=64#breadcrumb\"},\"inLanguage\":\"fr-FR\",\"potentialAction\":[{\"@type\":\"ReadAction\",\"target\":[\"https:\/\/bon-comme.eu\/?page_id=64\"]}]},{\"@type\":\"ImageObject\",\"inLanguage\":\"fr-FR\",\"@id\":\"https:\/\/bon-comme.eu\/?page_id=64#primaryimage\",\"url\":\"https:\/\/bon-comme.eu\/wp-content\/uploads\/2023\/12\/Produits-site.jpg\",\"contentUrl\":\"https:\/\/bon-comme.eu\/wp-content\/uploads\/2023\/12\/Produits-site.jpg\",\"width\":567,\"height\":206},{\"@type\":\"BreadcrumbList\",\"@id\":\"https:\/\/bon-comme.eu\/?page_id=64#breadcrumb\",\"itemListElement\":[{\"@type\":\"ListItem\",\"position\":1,\"name\":\"Accueil\",\"item\":\"https:\/\/bon-comme.eu\/\"},{\"@type\":\"ListItem\",\"position\":2,\"name\":\"Nos produits\"}]},{\"@type\":\"WebSite\",\"@id\":\"https:\/\/bon-comme.eu\/#website\",\"url\":\"https:\/\/bon-comme.eu\/\",\"name\":\"Bon.comme\",\"description\":\"Biscuiterie de tradition\",\"publisher\":{\"@id\":\"https:\/\/bon-comme.eu\/#organization\"},\"potentialAction\":[{\"@type\":\"SearchAction\",\"target\":{\"@type\":\"EntryPoint\",\"urlTemplate\":\"https:\/\/bon-comme.eu\/?s={search_term_string}\"},\"query-input\":{\"@type\":\"PropertyValueSpecification\",\"valueRequired\":true,\"valueName\":\"search_term_string\"}}],\"inLanguage\":\"fr-FR\"},{\"@type\":\"Organization\",\"@id\":\"https:\/\/bon-comme.eu\/#organization\",\"name\":\"Bon.comme\",\"url\":\"https:\/\/bon-comme.eu\/\",\"logo\":{\"@type\":\"ImageObject\",\"inLanguage\":\"fr-FR\",\"@id\":\"https:\/\/bon-comme.eu\/#\/schema\/logo\/image\/\",\"url\":\"https:\/\/bon-comme.eu\/wp-content\/uploads\/2023\/12\/cropped-Etiquette-Biscuiterie.jpg\",\"contentUrl\":\"https:\/\/bon-comme.eu\/wp-content\/uploads\/2023\/12\/cropped-Etiquette-Biscuiterie.jpg\",\"width\":250,\"height\":250,\"caption\":\"Bon.comme\"},\"image\":{\"@id\":\"https:\/\/bon-comme.eu\/#\/schema\/logo\/image\/\"}}]}<\/script>\n<!-- \/ Yoast SEO plugin. -->","yoast_head_json":{"title":"Nos produits - Bon.comme","robots":{"index":"index","follow":"follow","max-snippet":"max-snippet:-1","max-image-preview":"max-image-preview:large","max-video-preview":"max-video-preview:-1"},"canonical":"https:\/\/bon-comme.eu\/?page_id=64","og_locale":"fr_FR","og_type":"article","og_title":"Nos produits - Bon.comme","og_description":"C\u00f4t\u00e9 sucr\u00e9: \u2022 Amarettis fleur d\u2019oranger et miel &#8211; La douceur de l&rsquo;amande avec la touche printani\u00e8re de la fleur d&rsquo;oranger, sans lactose \u2022 Cookies au chocolat noir &#8211; Avec du chocolat belge bien \u00e9videmment! \u2022 Cookies au chocolat blanc, framboises et noix du Br\u00e9sil &#8211; Une gourmandise qui donne envie de plus! \u2022 Peanut &hellip; Continuer la lecture de &laquo;&nbsp;Nos produits&nbsp;&raquo;","og_url":"https:\/\/bon-comme.eu\/?page_id=64","og_site_name":"Bon.comme","article_modified_time":"2025-07-15T12:22:21+00:00","og_image":[{"width":567,"height":206,"url":"https:\/\/bon-comme.eu\/wp-content\/uploads\/2023\/12\/Produits-site.jpg","type":"image\/jpeg"}],"twitter_card":"summary_large_image","twitter_misc":{"Dur\u00e9e de lecture estim\u00e9e":"3 minutes"},"schema":{"@context":"https:\/\/schema.org","@graph":[{"@type":"WebPage","@id":"https:\/\/bon-comme.eu\/?page_id=64","url":"https:\/\/bon-comme.eu\/?page_id=64","name":"Nos produits - Bon.comme","isPartOf":{"@id":"https:\/\/bon-comme.eu\/#website"},"primaryImageOfPage":{"@id":"https:\/\/bon-comme.eu\/?page_id=64#primaryimage"},"image":{"@id":"https:\/\/bon-comme.eu\/?page_id=64#primaryimage"},"thumbnailUrl":"https:\/\/bon-comme.eu\/wp-content\/uploads\/2023\/12\/Produits-site.jpg","datePublished":"2019-07-26T12:38:34+00:00","dateModified":"2025-07-15T12:22:21+00:00","breadcrumb":{"@id":"https:\/\/bon-comme.eu\/?page_id=64#breadcrumb"},"inLanguage":"fr-FR","potentialAction":[{"@type":"ReadAction","target":["https:\/\/bon-comme.eu\/?page_id=64"]}]},{"@type":"ImageObject","inLanguage":"fr-FR","@id":"https:\/\/bon-comme.eu\/?page_id=64#primaryimage","url":"https:\/\/bon-comme.eu\/wp-content\/uploads\/2023\/12\/Produits-site.jpg","contentUrl":"https:\/\/bon-comme.eu\/wp-content\/uploads\/2023\/12\/Produits-site.jpg","width":567,"height":206},{"@type":"BreadcrumbList","@id":"https:\/\/bon-comme.eu\/?page_id=64#breadcrumb","itemListElement":[{"@type":"ListItem","position":1,"name":"Accueil","item":"https:\/\/bon-comme.eu\/"},{"@type":"ListItem","position":2,"name":"Nos produits"}]},{"@type":"WebSite","@id":"https:\/\/bon-comme.eu\/#website","url":"https:\/\/bon-comme.eu\/","name":"Bon.comme","description":"Biscuiterie de tradition","publisher":{"@id":"https:\/\/bon-comme.eu\/#organization"},"potentialAction":[{"@type":"SearchAction","target":{"@type":"EntryPoint","urlTemplate":"https:\/\/bon-comme.eu\/?s={search_term_string}"},"query-input":{"@type":"PropertyValueSpecification","valueRequired":true,"valueName":"search_term_string"}}],"inLanguage":"fr-FR"},{"@type":"Organization","@id":"https:\/\/bon-comme.eu\/#organization","name":"Bon.comme","url":"https:\/\/bon-comme.eu\/","logo":{"@type":"ImageObject","inLanguage":"fr-FR","@id":"https:\/\/bon-comme.eu\/#\/schema\/logo\/image\/","url":"https:\/\/bon-comme.eu\/wp-content\/uploads\/2023\/12\/cropped-Etiquette-Biscuiterie.jpg","contentUrl":"https:\/\/bon-comme.eu\/wp-content\/uploads\/2023\/12\/cropped-Etiquette-Biscuiterie.jpg","width":250,"height":250,"caption":"Bon.comme"},"image":{"@id":"https:\/\/bon-comme.eu\/#\/schema\/logo\/image\/"}}]}},"_links":{"self":[{"href":"https:\/\/bon-comme.eu\/index.php?rest_route=\/wp\/v2\/pages\/64","targetHints":{"allow":["GET"]}}],"collection":[{"href":"https:\/\/bon-comme.eu\/index.php?rest_route=\/wp\/v2\/pages"}],"about":[{"href":"https:\/\/bon-comme.eu\/index.php?rest_route=\/wp\/v2\/types\/page"}],"author":[{"embeddable":true,"href":"https:\/\/bon-comme.eu\/index.php?rest_route=\/wp\/v2\/users\/1"}],"replies":[{"embeddable":true,"href":"https:\/\/bon-comme.eu\/index.php?rest_route=%2Fwp%2Fv2%2Fcomments&post=64"}],"version-history":[{"count":15,"href":"https:\/\/bon-comme.eu\/index.php?rest_route=\/wp\/v2\/pages\/64\/revisions"}],"predecessor-version":[{"id":301,"href":"https:\/\/bon-comme.eu\/index.php?rest_route=\/wp\/v2\/pages\/64\/revisions\/301"}],"wp:featuredmedia":[{"embeddable":true,"href":"https:\/\/bon-comme.eu\/index.php?rest_route=\/wp\/v2\/media\/148"}],"wp:attachment":[{"href":"https:\/\/bon-comme.eu\/index.php?rest_route=%2Fwp%2Fv2%2Fmedia&parent=64"}],"curies":[{"name":"wp","href":"https:\/\/api.w.org\/{rel}","templated":true}]}}