{"id":10,"date":"2019-07-26T14:15:06","date_gmt":"2019-07-26T12:15:06","guid":{"rendered":"http:\/\/bon-comme.eu\/?page_id=10"},"modified":"2026-03-09T10:28:39","modified_gmt":"2026-03-09T09:28:39","slug":"contact","status":"publish","type":"page","link":"https:\/\/bon-comme.eu\/?page_id=10","title":{"rendered":"O\u00f9 nous trouver?"},"content":{"rendered":"<p>Chers (futurs) clients, l&rsquo;atelier vous est ouvert<\/p>\n<p>le <strong>mercredi de 11 \u00e0 17h<\/strong> et le <strong>vendredi de 11 \u00e0 16h30<\/strong>.<\/p>\n<p><strong>Adresse<\/strong> : Rue des Trois Burettes,55 &#8211; 1435 Mont-Saint-Guibert<\/p>\n<p>En dehors de ces heures, vous pouvez retrouver nos produits aux adresses suivantes:<\/p>\n<p><strong>Sur Bruxelles:<\/strong><\/p>\n<ul>\n<li>Rob The Gourmets&rsquo; Market &#8211; <span class=\"w8qArf\">\u00a0<\/span><span class=\"LrzXr\">Bd de la Woluwe 28, 1150 Woluwe-Saint-Pierre<\/span><\/li>\n<li>Delhaize L\u00e9opold III &#8211; Rue de Gen\u00e8ve 2, 1140 Evere<\/li>\n<li>Carrefour Express Rhodes-Saint-Gen\u00e8se &#8211; Chau. de Waterloo 230, 1640 Rhode-Saint-Gen\u00e8se<\/li>\n<li>Hypermarkt Carrefour Kraainem &#8211; Av. de Wezembeek 114, 1950 Kraainem<\/li>\n<li>Hypermarkt Carrefour Drogenbos &#8211; Av. Paul Gilson 455, 1620 Drogenbos<\/li>\n<li>Intermarch\u00e9 de Jette &#8211; Rue L\u00e9opold I 513, 1090 Jette<\/li>\n<\/ul>\n<p><strong>Dans le Brabant-Wallon:<\/strong><\/p>\n<ul>\n<li>AD Delhaize Chastre &#8211; Rte Provinciale 98, 1450 Chastre<\/li>\n<li>AD Delhaize Gembloux &#8211; Chauss\u00e9e de Wavre 42A, 5030 Gembloux<\/li>\n<li>Proxy Delhaize Orne &#8211; Rue de la Papeterie 14, 1490 Court-Saint-\u00c9tienne<\/li>\n<li>Delhaize Louvain-La-Neuve &#8211; Place de l&rsquo;Accueil 10, 1348 Louvain-La-Neuve<\/li>\n<li>Hypermarkt Carrefour Bierges &#8211; Bd de l&rsquo;Europe 3, 1301 Wavre<\/li>\n<li>Carrefour Market Waterloo centre &#8211; Dr\u00e8ve Richelle 10, 1410 Waterloo<\/li>\n<li>Hypermarkt Carrefour Mont-Saint-Jean &#8211; Chau. de Charleroi 579, 1410 Waterloo<\/li>\n<li>Ferme de Bousval &#8211; Rue Haute 44, 1470 Genappe<\/li>\n<li>Radis Coop &#8211; Rue Saint-Jean 6A, 1435 Mont-Saint-Guibert (<em>En vrac!)<\/em><\/li>\n<li>Chez Maitre Corbeau &#8211; Chau. de Namur 41, 1457 Walhain<\/li>\n<li>La Walhinette &#8211; Rue Saint Vincent 72, 1457 Walhain<\/li>\n<\/ul>\n<p><strong>Sur Namur: <\/strong><\/p>\n<ul>\n<li>Delhaize Bouge &#8211; Chau. de Louvain 336, 5004 Namur<\/li>\n<li>AD Delhaize Fernelmont &#8211; Rue d&rsquo;Eghez\u00e9e 16, 5380 Fernelmont<\/li>\n<li>La ferme de Warichet &#8211; Rue de Cognel\u00e9e 9, 5080 La Bruy\u00e8re<\/li>\n<\/ul>\n<p><strong>Vers Charleroi:<\/strong><\/p>\n<ul>\n<li>Hypermarkt Carrefour Gosselies &#8211; Rue de Tahon 16, 6041 Charleroi<\/li>\n<\/ul>\n<p><strong>Dans le Hainaut:<\/strong><\/p>\n<ul>\n<li>Hypermarkt Carrefour Soignies &#8211; Chem. de la Guelenne 1, 7060 Soignies<\/li>\n<\/ul>\n<p><em>* Cette liste est susceptible d&rsquo;\u00e9voluer avec le temps bien s\u00fbr&#8230;<\/em><\/p>\n<p><strong>Vous aimeriez int\u00e9grer nos produits dans votre magasin? N&rsquo;h\u00e9sitez pas \u00e0 envoyer un mail \u00e0 l&rsquo;adresse suivante: yseult.donnet@gmail.com<\/strong><\/p>\n","protected":false},"excerpt":{"rendered":"<p>Chers (futurs) clients, l&rsquo;atelier vous est ouvert le mercredi de 11 \u00e0 17h et le vendredi de 11 \u00e0 16h30. Adresse : Rue des Trois Burettes,55 &#8211; 1435 Mont-Saint-Guibert En dehors de ces heures, vous pouvez retrouver nos produits aux adresses suivantes: Sur Bruxelles: Rob The Gourmets&rsquo; Market &#8211; \u00a0Bd de la Woluwe 28, 1150 &hellip; <\/p>\n<p class=\"link-more\"><a href=\"https:\/\/bon-comme.eu\/?page_id=10\" class=\"more-link\">Continuer la lecture<span class=\"screen-reader-text\"> de &laquo;&nbsp;O\u00f9 nous trouver?&nbsp;&raquo;<\/span><\/a><\/p>\n","protected":false},"author":1,"featured_media":0,"parent":0,"menu_order":0,"comment_status":"closed","ping_status":"closed","template":"","meta":{"footnotes":""},"class_list":["post-10","page","type-page","status-publish","hentry"],"yoast_head":"<!-- This site is optimized with the Yoast SEO plugin v23.9 - https:\/\/yoast.com\/wordpress\/plugins\/seo\/ -->\n<title>O\u00f9 nous trouver? - Bon.comme<\/title>\n<meta name=\"robots\" content=\"index, follow, max-snippet:-1, max-image-preview:large, max-video-preview:-1\" \/>\n<link rel=\"canonical\" href=\"https:\/\/bon-comme.eu\/?page_id=10\" \/>\n<meta property=\"og:locale\" content=\"fr_FR\" \/>\n<meta property=\"og:type\" content=\"article\" \/>\n<meta property=\"og:title\" content=\"O\u00f9 nous trouver? - Bon.comme\" \/>\n<meta property=\"og:description\" content=\"Chers (futurs) clients, l&rsquo;atelier vous est ouvert le mercredi de 11 \u00e0 17h et le vendredi de 11 \u00e0 16h30. Adresse : Rue des Trois Burettes,55 &#8211; 1435 Mont-Saint-Guibert En dehors de ces heures, vous pouvez retrouver nos produits aux adresses suivantes: Sur Bruxelles: Rob The Gourmets&rsquo; Market &#8211; \u00a0Bd de la Woluwe 28, 1150 &hellip; Continuer la lecture de &laquo;&nbsp;O\u00f9 nous trouver?&nbsp;&raquo;\" \/>\n<meta property=\"og:url\" content=\"https:\/\/bon-comme.eu\/?page_id=10\" \/>\n<meta property=\"og:site_name\" content=\"Bon.comme\" \/>\n<meta property=\"article:modified_time\" content=\"2026-03-09T09:28:39+00:00\" \/>\n<meta name=\"twitter:card\" content=\"summary_large_image\" \/>\n<meta name=\"twitter:label1\" content=\"Dur\u00e9e de lecture estim\u00e9e\" \/>\n\t<meta name=\"twitter:data1\" content=\"2 minutes\" \/>\n<script type=\"application\/ld+json\" class=\"yoast-schema-graph\">{\"@context\":\"https:\/\/schema.org\",\"@graph\":[{\"@type\":\"WebPage\",\"@id\":\"https:\/\/bon-comme.eu\/?page_id=10\",\"url\":\"https:\/\/bon-comme.eu\/?page_id=10\",\"name\":\"O\u00f9 nous trouver? - Bon.comme\",\"isPartOf\":{\"@id\":\"https:\/\/bon-comme.eu\/#website\"},\"datePublished\":\"2019-07-26T12:15:06+00:00\",\"dateModified\":\"2026-03-09T09:28:39+00:00\",\"breadcrumb\":{\"@id\":\"https:\/\/bon-comme.eu\/?page_id=10#breadcrumb\"},\"inLanguage\":\"fr-FR\",\"potentialAction\":[{\"@type\":\"ReadAction\",\"target\":[\"https:\/\/bon-comme.eu\/?page_id=10\"]}]},{\"@type\":\"BreadcrumbList\",\"@id\":\"https:\/\/bon-comme.eu\/?page_id=10#breadcrumb\",\"itemListElement\":[{\"@type\":\"ListItem\",\"position\":1,\"name\":\"Accueil\",\"item\":\"https:\/\/bon-comme.eu\/\"},{\"@type\":\"ListItem\",\"position\":2,\"name\":\"O\u00f9 nous trouver?\"}]},{\"@type\":\"WebSite\",\"@id\":\"https:\/\/bon-comme.eu\/#website\",\"url\":\"https:\/\/bon-comme.eu\/\",\"name\":\"Bon.comme\",\"description\":\"Biscuiterie de tradition\",\"publisher\":{\"@id\":\"https:\/\/bon-comme.eu\/#organization\"},\"potentialAction\":[{\"@type\":\"SearchAction\",\"target\":{\"@type\":\"EntryPoint\",\"urlTemplate\":\"https:\/\/bon-comme.eu\/?s={search_term_string}\"},\"query-input\":{\"@type\":\"PropertyValueSpecification\",\"valueRequired\":true,\"valueName\":\"search_term_string\"}}],\"inLanguage\":\"fr-FR\"},{\"@type\":\"Organization\",\"@id\":\"https:\/\/bon-comme.eu\/#organization\",\"name\":\"Bon.comme\",\"url\":\"https:\/\/bon-comme.eu\/\",\"logo\":{\"@type\":\"ImageObject\",\"inLanguage\":\"fr-FR\",\"@id\":\"https:\/\/bon-comme.eu\/#\/schema\/logo\/image\/\",\"url\":\"https:\/\/bon-comme.eu\/wp-content\/uploads\/2023\/12\/cropped-Etiquette-Biscuiterie.jpg\",\"contentUrl\":\"https:\/\/bon-comme.eu\/wp-content\/uploads\/2023\/12\/cropped-Etiquette-Biscuiterie.jpg\",\"width\":250,\"height\":250,\"caption\":\"Bon.comme\"},\"image\":{\"@id\":\"https:\/\/bon-comme.eu\/#\/schema\/logo\/image\/\"}}]}<\/script>\n<!-- \/ Yoast SEO plugin. -->","yoast_head_json":{"title":"O\u00f9 nous trouver? - Bon.comme","robots":{"index":"index","follow":"follow","max-snippet":"max-snippet:-1","max-image-preview":"max-image-preview:large","max-video-preview":"max-video-preview:-1"},"canonical":"https:\/\/bon-comme.eu\/?page_id=10","og_locale":"fr_FR","og_type":"article","og_title":"O\u00f9 nous trouver? - Bon.comme","og_description":"Chers (futurs) clients, l&rsquo;atelier vous est ouvert le mercredi de 11 \u00e0 17h et le vendredi de 11 \u00e0 16h30. Adresse : Rue des Trois Burettes,55 &#8211; 1435 Mont-Saint-Guibert En dehors de ces heures, vous pouvez retrouver nos produits aux adresses suivantes: Sur Bruxelles: Rob The Gourmets&rsquo; Market &#8211; \u00a0Bd de la Woluwe 28, 1150 &hellip; Continuer la lecture de &laquo;&nbsp;O\u00f9 nous trouver?&nbsp;&raquo;","og_url":"https:\/\/bon-comme.eu\/?page_id=10","og_site_name":"Bon.comme","article_modified_time":"2026-03-09T09:28:39+00:00","twitter_card":"summary_large_image","twitter_misc":{"Dur\u00e9e de lecture estim\u00e9e":"2 minutes"},"schema":{"@context":"https:\/\/schema.org","@graph":[{"@type":"WebPage","@id":"https:\/\/bon-comme.eu\/?page_id=10","url":"https:\/\/bon-comme.eu\/?page_id=10","name":"O\u00f9 nous trouver? - Bon.comme","isPartOf":{"@id":"https:\/\/bon-comme.eu\/#website"},"datePublished":"2019-07-26T12:15:06+00:00","dateModified":"2026-03-09T09:28:39+00:00","breadcrumb":{"@id":"https:\/\/bon-comme.eu\/?page_id=10#breadcrumb"},"inLanguage":"fr-FR","potentialAction":[{"@type":"ReadAction","target":["https:\/\/bon-comme.eu\/?page_id=10"]}]},{"@type":"BreadcrumbList","@id":"https:\/\/bon-comme.eu\/?page_id=10#breadcrumb","itemListElement":[{"@type":"ListItem","position":1,"name":"Accueil","item":"https:\/\/bon-comme.eu\/"},{"@type":"ListItem","position":2,"name":"O\u00f9 nous trouver?"}]},{"@type":"WebSite","@id":"https:\/\/bon-comme.eu\/#website","url":"https:\/\/bon-comme.eu\/","name":"Bon.comme","description":"Biscuiterie de tradition","publisher":{"@id":"https:\/\/bon-comme.eu\/#organization"},"potentialAction":[{"@type":"SearchAction","target":{"@type":"EntryPoint","urlTemplate":"https:\/\/bon-comme.eu\/?s={search_term_string}"},"query-input":{"@type":"PropertyValueSpecification","valueRequired":true,"valueName":"search_term_string"}}],"inLanguage":"fr-FR"},{"@type":"Organization","@id":"https:\/\/bon-comme.eu\/#organization","name":"Bon.comme","url":"https:\/\/bon-comme.eu\/","logo":{"@type":"ImageObject","inLanguage":"fr-FR","@id":"https:\/\/bon-comme.eu\/#\/schema\/logo\/image\/","url":"https:\/\/bon-comme.eu\/wp-content\/uploads\/2023\/12\/cropped-Etiquette-Biscuiterie.jpg","contentUrl":"https:\/\/bon-comme.eu\/wp-content\/uploads\/2023\/12\/cropped-Etiquette-Biscuiterie.jpg","width":250,"height":250,"caption":"Bon.comme"},"image":{"@id":"https:\/\/bon-comme.eu\/#\/schema\/logo\/image\/"}}]}},"_links":{"self":[{"href":"https:\/\/bon-comme.eu\/index.php?rest_route=\/wp\/v2\/pages\/10","targetHints":{"allow":["GET"]}}],"collection":[{"href":"https:\/\/bon-comme.eu\/index.php?rest_route=\/wp\/v2\/pages"}],"about":[{"href":"https:\/\/bon-comme.eu\/index.php?rest_route=\/wp\/v2\/types\/page"}],"author":[{"embeddable":true,"href":"https:\/\/bon-comme.eu\/index.php?rest_route=\/wp\/v2\/users\/1"}],"replies":[{"embeddable":true,"href":"https:\/\/bon-comme.eu\/index.php?rest_route=%2Fwp%2Fv2%2Fcomments&post=10"}],"version-history":[{"count":35,"href":"https:\/\/bon-comme.eu\/index.php?rest_route=\/wp\/v2\/pages\/10\/revisions"}],"predecessor-version":[{"id":305,"href":"https:\/\/bon-comme.eu\/index.php?rest_route=\/wp\/v2\/pages\/10\/revisions\/305"}],"wp:attachment":[{"href":"https:\/\/bon-comme.eu\/index.php?rest_route=%2Fwp%2Fv2%2Fmedia&parent=10"}],"curies":[{"name":"wp","href":"https:\/\/api.w.org\/{rel}","templated":true}]}}